oes 13 divide 1534?
True
Is 10 a factor of 126?
False
Does 8 divide 608?
True
Is 53 a factor of 14058?
False
Does 202 divide 8282?
True
Is 17911 a multiple of 77?
False
Does 6 divide 2418?
True
Does 15 divide 2070?
True
Is 36859 a multiple of 46?
False
Is 32950 a multiple of 50?
True
Is 6359 a multiple of 39?
False
Is 91143 a multiple of 22?
False
Does 27 divide 2811?
False
Is 16 a factor of 2605?
False
Is 33 a factor of 545?
False
Is 396 a multiple of 36?
True
Is 21376 a multiple of 4?
True
Does 15 divide 93495?
True
Is 85 a factor of 472?
False
Is 66 even?
True
Is 315 a multiple of 45?
True
Does 38 divide 114?
True
Is 2411 a multiple of 15?
False
Is 52 a factor of 3464?
False
Does 15 divide 2018?
False
Does 67 divide 13656?
False
Is 13 a factor of 1714?
False
Is 20 a factor of 1620?
True
Is 495 a multiple of 55?
True
Does 370 divide 25900?
True
Is 3 a factor of 60?
True
Is 1561 a multiple of 62?
False
Is 4 a factor of 1194?
False
Is 63 a factor of 1581?
False
Is 2985 even?
False
Is 10515 a multiple of 6?
False
Is 938 even?
True
Is 53 a factor of 1098?
False
Is 22 a factor of 43?
False
Is 53 a factor of 3999?
False
Does 29 divide 33118?
True
Does 18 divide 353?
False
Is 13 a factor of 5785?
True
Is 148 a factor of 1618?
False
Does 33 divide 1023?
True
Does 5 divide 3525?
True
Is 1406 a multiple of 98?
False
Is 1958 a multiple of 16?
False
Does 53 divide 1188?
False
Does 64 divide 10688?
True
Is 38878 a multiple of 14?
True
Is 7 a factor of 6289?
False
Is 8 a factor of 136?
True
Does 15 divide 58350?
True
Does 18 divide 7115?
False
Is 20778 a multiple of 23?
False
Is 39872 a multiple of 56?
True
Does 4 divide 4?
True
Is 18 a factor of 13266?
True
Is 74 a factor of 8270?
False
Is 32320 a multiple of 101?
True
Does 8 divide 1688?
True
Is 2961 a multiple of 141?
True
Is 125 a factor of 12989?
False
Is 43655 a multiple of 15?
False
Does 52 divide 20228?
True
Does 21 divide 7644?
True
Is 150 a factor of 3547?
False
Does 30 divide 13590?
True
Is 14 a factor of 84?
True
Does 12 divide 1920?
True
Does 15 divide 570?
True
Does 19 divide 1202?
False
Is 1411 a multiple of 11?
False
Does 5 divide 1053?
False
Does 15 divide 7205?
False
Is 14 a factor of 112?
True
Is 134 a factor of 5762?
True
Is 28 a factor of 3108?
True
Is 14 a factor of 935?
False
Is 136 a multiple of 8?
True
Is 669 a multiple of 11?
False
Is 217 a multiple of 2?
False
Does 64 divide 64?
True
Does 5 divide 3565?
True
Does 54 divide 24192?
True
Does 11 divide 14533?
False
Does 22 divide 11660?
True
Does 40 divide 12863?
False
Does 18 divide 400?
False
Does 24 divide 12713?
False
Is 3267 a multiple of 121?
True
Is 13 a factor of 17605?
False
Is 55 a factor of 1375?
True
Is 14 a factor of 626?
False
Is 182 a multiple of 13?
True
Is 28 a factor of 9224?
False
Does 19 divide 1121?
True
Is 13 a factor of 21554?
True
Is 4536 a multiple of 166?
False
Is 13 a factor of 12179?
False
Is 64 a factor of 3643?
False
Is 6008 a multiple of 10?
False
Is 546 a multiple of 78?
True
Does 3 divide 2787?
True
Is 16578 a multiple of 42?
False
Is 3 a factor of 3?
True
Is 28 a factor of 77855?
False
Does 75 divide 13350?
True
Is 8 a factor of 256?
True
Does 20 divide 1110?
False
Does 16 divide 2176?
True
Is 1120 a multiple of 32?
True
Is 17 a factor of 20669?
False
Does 14 divide 14715?
False
Does 9 divide 540?
True
Does 187 divide 49368?
True
Is 576 a multiple of 72?
True
Does 29 divide 13369?
True
Does 19 divide 44821?
True
Does 9 divide 207?
True
Is 10 a factor of 18301?
False
Is 58894 a multiple of 22?
True
Is 234 a multiple of 6?
True
Is 19467 a multiple of 21?
True
Is 2668 a multiple of 29?
True
Is 2620 a multiple of 4?
True
Is 38 a factor of 1558?
True
Is 22 a factor of 528?
True
Does 66 divide 396?
True
Is 14378 a multiple of 3?
False
Is 88 a multiple of 22?
True
Is 68 a multiple of 18?
False
Is 42 a factor of 403?
False
Is 237 a factor of 20856?
True
Is 696 a multiple of 58?
True
Is 13 a factor of 1352?
True
Does 24 divide 482?
False
Does 12 divide 120?
True
Is 15 a factor of 52350?
True
Is 851 a multiple of 154?
False
Is 44 a factor of 8272?
True
Is 4 a factor of 6898?
False
Does 142 divide 38738?
False
Does 13 divide 1911?
True
Is 58530 a multiple of 10?
True
Is 16084 a multiple of 33?
False
Is 6885 a multiple of 27?
True
Is 3528 a multiple of 12?
True
Is 1066 a multiple of 41?
True
Is 248 a factor of 13640?
True
Is 34 a factor of 96348?
False
Does 43 divide 8764?
False
Does 49 divide 37240?
True
Is 81 a factor of 632?
False
Is 35 a factor of 10668?
False
Does 4 divide 544?
True
Is 81 a factor of 4617?
True
Does 15 divide 750?
True
Is 16124 a multiple of 116?
True
Is 13 a factor of 1585?
False
Is 2 a factor of 304?
True
Is 14 a factor of 24197?
False
Is 34 a factor of 476?
True
Is 184 a multiple of 19?
False
Is 8 a factor of 144?
True
Is 12 a factor of 11132?
False
Does 324 divide 28376?
False
Does 6 divide 8628?
True
Is 7 a factor of 7578?
False
Is 3070 a multiple of 66?
False
Does 19 divide 2907?
True
Is 16568 a multiple of 19?
True
Does 53 divide 16536?
True
Is 4950 even?
True
Is 62 a factor of 17531?
False
Is 15 a factor of 34215?
True
Does 62 divide 4989?
False
Does 38 divide 6719?
False
Is 5 a factor of 11871?
False
Is 6824 a multiple of 8?
True
Does 8 divide 1489?
False
Does 72 divide 15655?
False
Is 4 a factor of 444?
True
Does 306 divide 33354?
True
Is 21773 a multiple of 24?
False
Is 24549 a multiple of 49?
True
Is 6942 a multiple of 13?
True
Is 200 even?
True
Does 26 divide 826?
False
Is 4454 a multiple of 34?
True
Is 9861 a multiple of 57?
True
Is 22 a factor of 660?
True
Is 123 a factor of 884?
False
Is 97674 a multiple of 176?
False
Does 7 divide 26?
False
Does 25 divide 113875?
True
Does 29 divide 1978?
False
Is 82 a factor of 10573?
False
Is 7 a factor of 24?
False
Is 658 a multiple of 29?
False
Does 63 divide 11970?
True
Is 1566 a multiple of 27?
True
Does 144 divide 27072?
True
Is 2883 a multiple of 32?
False
Is 16637 a multiple of 131?
True
Does 161 divide 7406?
True
Does 107 divide 1576?
False
Does 10 divide 670?
True
Is 153 a multiple of 9?
True
Is 28 a factor of 1796?
False
Does 13 divide 3512?
False
Is 12256 a multiple of 11?
False
Is 21 a multiple of 2?
False
Is 2 a factor of 270?
True
Is 5389 a multiple of 81?
False
Is 4872 a multiple of 28?
True
Is 33 a factor of 32284?
False
Is 53 a factor of 689?
True
Is 5 a factor of 8755?
True
Is 35123 a multiple of 114?
False
Is 29 a factor of 1768?
False
Is 16 a factor of 51672?
False
Is 40 a factor of 4412?
False
Is 23770 a multiple of 10?
True
Does 14 divide 107?
False
Is 15537 a multiple of 256?
False
Does 19 divide 418?
True
Is 1304 a multiple of 8?
True
Is 8 a factor of 12192?
True
Is 3114 a multiple of 9?
True
Is 40630 a multiple of 17?
True
Does 27 divide 405?
True
Is 27 a factor of 3919?
False
Is 11 a factor of 355?
False
Does 12 divide 228?
True
Is 552 a multiple of 8?
True
Does 116 divide 37352?
True
Is 660 a multiple of 15?
True
Is 218 a multiple of 68?
False
Is 31 a factor of 1224?
False
Is 11499 a multiple of 45?
False
Does 17 divide 3513?
False
Is 4 a factor of 6491?
False
Does 6 divide 33958?
False
Is 3 a factor of 12449?
False
Is 122 a factor of 610?
True
Is 10887 a multiple of 2?
False
Is 4 a factor of 4796?
True
Does 43 divide 4528?
False
Is 30 a factor of 53423?
False
Is 35 a factor of 2032?
False
Does 17 divide 19176?
True
Is 33 a multiple of 5?
False
Does 23 divide 22793?
True
Is 283 a multiple of 5?
False
Is 130 a factor of 6370?
True
Is 1290 a multiple of 15?
True
Is 56 a factor of 336?
True
Is 2965 a multiple of 11?
False
Is 5 a factor of 1651?
False
Is 1917 a multiple of 26?
False
Is 2482 a multiple of 92?
False
Does 47 divide 1504?
True
Is 18426 a multiple of 83?
True
Is 9 a factor of 516?
False
Does 162 divide 1801?
False
Is 53360 a multiple of 153?
False
Does 3 divide 123?
True
Does 20 divide 11900?
True
Is 295 a factor of 5062?
False
Does 24 divide 408?
True
Is 10472 a multiple of 13?
False
Is 54 a factor of 324?
True
Does 9 divide 684?
True
Does 16 divide 23808?
True
Is 58985 a multiple of 235?
True
Is 47 a factor of 29093?
True
Is 2 a factor of 43?
False
Is 17057 a multiple of 36?
False
Is 10 a factor of 450?
True
Is 1168 a multiple of 16?
True
Is 39 a factor of 702?
True
Is 1129 a multiple of 12?
Fal